37*u - 29 - 43*u + 7. Let f(c) = -16*a(c) - 5*q(c). Calculate f(-8).
14
Suppose 9*l - 10 = 4*l. Let n be 0 - 4/l*(-34)/(-4). Let g = n - -26. Let j(t) = t**3 - 9*t**2 + t - 13. Determine j(g).
-4
Let t be (7 + 6/(-2))*(-2)/(-8). Let h(v) = -107*v + 101*v - 10 - t - 2. Let a(d) = 4*d + 9. Let c(b) = 8*a(b) + 5*h(b). What is c(-6)?
-5
Let z(o) = -2*o - 14. Let l be z(-12). Let u(w) = l + w + 8*w**2 + 4*w - 15*w**2. Let s(h) = h**2 - 1. Let y(d) = 6*s(d) + u(d). Calculate y(5).
4
Let d(r) be the first derivative of -3/2*r**2 + r + 1/3*r**3 - 140. Suppose 5*c - 16 = c. What is d(c)?
5
Let w(q) be the third derivative of -q**5/60 + q**4/4 + 4*q**3/3 - 2630*q**2. What is w(-1)?
1
Let q(v) = -2*v**2 - 6*v + 2. Let s be q(-5). Let l(n) = -n**3 - 18*n**2 + 5*n + 32. Give l(s).
-58
Let b(q) be the third derivative of 0*q**3 + 0 - 1/24*q**4 + 0*q - 46*q**2. What is b(-11)?
11
Let s(p) = -4*p - 2. Let t = 4971 + -4981. Determine s(t).
38
Let n(u) = 73*u**2 + 161*u - 566. Let r(m) = 102*m**2 + 240*m - 849. Let l(i) = 7*n(i) - 5*r(i). Determine l(4).
7
Let f(j) be the third derivative of 0*j + 1/8*j**4 - 2 + 24*j**2 - j**3. Determine f(9).
21
Suppose 226*a = 216*a + 110. Let j(d) = 9*d - a*d - 3*d + 3*d - 6. What is j(-7)?
8
Let z(b) = -b**3 + 4*b**2 - 3*b. Let v(x) = x**2 - 10*x + 36. Let r be v(6). Suppose r = 4*q - 4. Determine z(q).
-12
Let k(m) = 9*m + 361 + 9*m - 242. Let d be k(-7). Let h(p) = 2*p + 5. Determine h(d).
-9
Let b be 16/7 - 20/70. Let j(p) = -p**2 + 4*p**b + 1 + p - 4*p - 4*p**2. Suppose 4*q - 2*r + 26 = 0, -3*q + 7*r - 27 = 3*r. What is j(q)?
-9
Let c(r) be the first derivative of -r**2/2 + 2*r - 23166. Suppose -3*o - 10 = -4*o + 5*f, -f = 3*o - 14. What is c(o)?
-3
Let a(q) = -5*q + 10*q - 3*q + 6 - 4*q. Suppose -43 - 5 = -8*n. Give a(n).
-6
Suppose 22 = -4*g + 3*y, -4*g - 39*y = -43*y + 16. Let u(w) = -2*w**2 - 10*w + 120. Give u(g).
20
Let d(m) = -3*m**2 + 14*m + 86. Let x(g) = -g - 1. Let u(f) = -d(f) + 6*x(f). Calculate u(10).
8
Let v(g) = -g**2 - 20*g - 60. Suppose -5*q = 10, -4*r - 48 = 3*q + 22. Determine v(r).
4
Let o be -14 + 0/11 - -14. Let w(n) be the first derivative of 3/2*n**2 + o*n - 12. What is w(2)?
6
Let y(h) = -4*h - 9 + 12 - 5*h**3 - 9*h**2 + 14*h**3 - 11*h**3. Suppose d + 17 = -4*b - 3, 2*d = 4*b + 8. Determine y(b).
3
Let g(b) = -2*b**2 - 63*b + 123. Let q(f) = 3*f**2 + 92*f - 185. Let r(h) = -7*g(h) - 5*q(h). Give r(-22).
-2
Let b(m) = -m**3 + 17*m**2 + 1. Suppose -46*w + 32*w = -70. Let r(j) = -j**3 + 19*j**2 + j + 2. Let d(u) = w*r(u) - 6*b(u). What is d(6)?
-2
Suppose -5*t - 5*x + 55 = 0, -3*t + 4*x = -5 - 0. Suppose 0 = t*f + f - 24. Let q(i) = -42*i + 13*i + i**2 + 17*i + f + 17*i. Calculate q(-5).
3
Let v be 8*(-2)/16*4/2. Let i(h) = -h**3 - 9*h**2 - 14*h - 1. Calculate i(v).
-1
Let f(g) = 19 - 57*g + 115*g - 59*g. Let z be ((-18)/10*(-20 + 15))/(42/28). Calculate f(z).
13
Let r = -116 + 111. Let w = -5 - r. Let v(g) = -2*g + w*g - 5*g - 1. What is v(1)?
-8
Let f be ((-132)/198)/(((-8)/54)/2). Suppose -35*p + 38*p = f. Let u(h) = 4*h - 5. Determine u(p).
7
Let c(t) be the third derivative of -t**5/60 - 7*t**4/12 - 11*t**3/3 - 520*t**2. Calculate c(-14).
-22
Let w(r) be the third derivative of r**6/60 - 13*r**5/60 + 7*r**4/24 - 4*r**3/3 - 1031*r**2. Calculate w(6).
-2
Let o be (17 - 3519/323) + (-10)/95. Let s(l) be the second derivative of -l**4/12 + 5*l**3/3 - 7*l**2 - l. What is s(o)?
10
Let z(n) = -2*n + 14. Let g be z(5). Let q(c) = g - 10*c - 13*c + 32*c - 10*c. Let v(b) = b**2 + 4*b. Let f be v(-4). Give q(f).
4
Let x = -1 - -4. Let m(a) = 126*a - 27. Let h(i) = 23*i - 5. Let u(g) = 27*h(g) - 5*m(g). What is u(x)?
-27
Let d(g) = -5*g**3 - 3*g**2 + 5*g. Suppose -53 - 7 = -32*y + 4. Determine d(y).
-42
Let j(n) = -n + 3. Let z be -738 + (8 - 3) + -5 + -1. Let b = -736 - z. Calculate j(b).
0
Let o be 9 - (8 + (1 - 3)). Let s(n) = -n**3 - 3*n**2 + 14 + o*n**2 - 12*n**2. Calculate s(-12).
14
Let l(j) = j**3 + 13*j**2 - 3 - 52*j + 1 + 15*j + 36*j. What is l(-13)?
11
Let r(k) = k**3 + 29*k**2 + 77*k - 4. Let d be r(-26). Let h(s) = -s**3 + 23*s**2 - 21*s - 23. Determine h(d).
-1
Suppose 3*j - 26 = k - 14, j = k + 4. Suppose -2*z - 9 = t, -2 - 22 = 5*z + j*t. Let v(w) = w - 1. Let l(m) = -m. Let o(b) = 4*l(b) + 2*v(b). Give o(z).
6
Let r(w) = -w**2 + 4*w + 16. Let t(i) = i**2 - 3*i - 24. Let y(j) = -5*r(j) - 4*t(j). Give y(7).
9
Let y = 33 + -26. Suppose -2 = p, 5*p - 2 + 24 = 4*c. Let d(l) = -4*l**3 - 6*l**2 - 8*l + 0*l**3 + 16 - 13 + 5*l**c. Give d(y).
-4
Let i(c) = 2*c**2 - c**2 - c + 0*c**2 + 1. Suppose -8 = -4*k, 81 = 3*j + k + 2*k. Let n = -22 + j. Give i(n).
7
Let s(r) = 637*r - 1272*r - 1 - 1 + 634*r. Determine s(2).
-4
Let q(m) = -m**3 + 9*m**2 - 8*m + 2. Let a be (24/2)/(-2) + (5 + -3 - -12). Calculate q(a).
2
Let k be -1*(-1)/(-3)*-3. Let z be k + (-6)/2 + 11. Let j(d) be the third derivative of d**5/60 - d**4/3 - 13*d**3/6 - 8596*d**2. Give j(z).
-4
Let p(t) = -558*t - 37*t**3 - 18 + 10*t**2 + 560*t + 36*t**3. Give p(10).
2
Let x be -8 - -10 - ((-30)/(-6) - 40/5). Let m(u) = 9*u**3 - 6*u + 8 + 0*u**2 - 10*u**3 + 6*u**2. Give m(x).
3
Let w(q) = -2*q**3 + 4*q**2 - q - 2. Let u be (2*25/10)/(1/39). Suppose 3*k + 189 = u. Determine w(k).
-4
Let u(a) = -3*a + 57. Let n be u(4). Suppose -20*s + 5*s = -n. Let l(q) = -q**3 + 5*q**2 - 3*q - 4. Give l(s).
5
Let u(r) be the first derivative of -2*r**3/3 - 3*r**2 - 5880. Give u(-7).
-56
Suppose -4*s - 43 = -3*b, b + 10 + 29 = -4*s. Let y(d) = d**3 + 10*d**2 - 3*d - 23. Calculate y(s).
7
Let q(p) = -13*p**2 - 2*p + 4. Suppose 0 = 5*a, 99*a - 97*a = -2*g + 4. What is q(g)?
-52
Suppose -10*g - 3552 = 2*g. Let s = -290 - g. Let x(k) = k - 5. What is x(s)?
1
Let a(l) be the first derivative of l**2/2 + 2*l - 23. Suppose -5*h + 3 = -2*h - 3*c, h + 2*c + 2 = 0. What is a(h)?
2
Let y(t) = -25*t - 1. Let b(p) = -110*p - 155. Let u(a) = b(a) - 4*y(a). Determine u(-15).
-1
Let u(d) = d**3 - 3*d**2 + 22*d - 39. Let x be u(2). Let l be (2 + 0)/(-2) - -1. Let r(m) = -x + l + 2 - 6*m - 2. Give r(-4).
23
Let f(q) = 2*q + 11. Let u(g) = 4*g**3 - g**2 + 7*g - 5. Let d be u(1). Suppose -d*b = -56 + 101. Determine f(b).
-7
Let b(i) = 2*i - 2*i + 2*i + 3. Let j(a) be the first derivative of a**2/2 + 3*a + 23. Let y(z) = 2*b(z) - 3*j(z). What is y(6)?
3
Let t(o) be the first derivative of o**4/12 - 2*o**3 + 9*o**2/2 - 84*o + 16. Let v(q) be the first derivative of t(q). What is v(11)?
-2
Let z(n) = 9*n - 33. Let v(s) = -2*s + 8. Let q(p) = -14*v(p) - 3*z(p). Suppose 0 = 30*o - 33*o. What is q(o)?
-13
Let u(v) = 57*v + 7029033*v**2 - 7029031*v**2 - 24 + 61. Determine u(-28).
9
Suppose -1473*p - 1014 = -1642*p. Let v(o) = 134*o - 804. Give v(p).
0
Let b(j) = -j**3 - 18*j**2 - 4. Let k = -103 + 157. Suppose -26 = m + 4*l, -l - 38 = 5*m + k. Give b(m).
-4
Let u(q) = 2*q**2 - 2*q - 3. Suppose -3 = -4*r + 1. Let h be (-13)/((0 - r - -2)*-1). Suppose 2*l + 3*l + 5*y = -25, 5*l + y = -h. Calculate u(l).
9
Let q = -13829 + 13819. Let d(a) = a**2 + 1. Let m(h) = h**3 + 16*h**2 + 10*h + 2. Let p(f) = 5*d(f) - m(f). Determine p(q).
3
Let z(d) = 8*d**3 - 29*d**2 + 58*d - 35. Let h(a) = 19*a**3 - 56*a**2 + 111*a - 70. Let p(r) = 3*h(r) - 7*z(r). Calculate p(-37).
-2
Let a(k) = k**3 - 6*k**2 - 2*k + 7. Let b be 254/(-6)*-1 + 12/(-36). Let d = 48 - b. Calculate a(d).
-5
Let m be (-2)/11 - (-648)/297. Let c(j) = 2*j - 3*j + m*j + 20 - 22. Let g(l) = -l**2 - 10*l + 6. Let t be g(-10). Calculate c(t).
4
Let g(c) = -3 + 5*c - c + 2. Let v be (676/(-8))/(-13)*2. Suppose -4*w + 4 = 2*a, -2*a - 14*w + 4 = -v*w. Calculate g(a).
7
Let p(j) = j**2 + 11*j + 8. Suppose -24*c + 22*c - 12 = 0. Let w be (-3 + 161/21)*c/4. Let s be -3*w/9*-3. Give p(s).
-20
Let z be (-2)/(-11) + (-6 - 485/(-55)). Suppose 5 + 1 = z*g. Let u(l) = l**3 - 3*l + 1. Determine u(g).
3
Let p(c) = -c + 5. Suppose -5*a - 50 = -0*a. Let i = 32 + a. Let f be 5/(-10) - i/(-4). Determine p(f).
0
Let t be (-2 - -3)/((-1)/776). Let k = -781 - t. Let a(l) = -l - 1. Calculate a(k).
4
Suppose -2*f = -3*d + 21, f - 12 = -d - 0*d. Let l(q) = d*q**2 + 3 + 3*q**2 - q**3 - 8*q**2 - 6*q**2 - 5*q + 12*q. Give l(-4).
7
Let n = -94 + 95. Suppose n = -d, -2*d - d - 3 = -2*r. Suppose 4*x - 2*x - 3*u = -14, r = 5*x + 5*u + 35. Let s(p) = -p**2 - 9*p - 10